i - -13. List the prime factors of g.
5, 19
Let c(x) = 3*x**3 - 8*x**2 - 7*x + 43. What are the prime factors of c(8)?
3, 337
Let u(j) = 4*j**2 - j - 2. Let d be u(-1). Suppose -q + 199 = d*w + 66, 3*q - 39 = -w. List the prime factors of w.
3, 5
Let a(p) = -1 - 11*p + 3*p**2 + 3*p**2 - 5*p**2 + 2. What are the prime factors of a(14)?
43
Suppose a + 43 + 0 = 2*p, 3*p - 84 = -5*a. Suppose -2 = -5*t + p. Suppose 2*o + o - 48 = -3*z, -z - 62 = -t*o. List the prime factors of o.
13
Suppose q - 3*l - 1857 = -3*q, -5*q + 5*l = -2320. List the prime factors of q.
3, 5, 31
Suppose -4*s = 18*d - 15*d - 5283, -2*s + 1759 = d. List the prime factors of d.
5, 353
Let u(y) = -y**2 + 9*y - 11. Let j be u(7). Suppose c + 0*c + 3*v = 6, 3*v = -j*c + 42. What are the prime factors of c?
2, 3
Let k(d) = -185*d - 541. List the prime factors of k(-11).
2, 3, 83
Let s = 14 - 283. Let b = -188 - s. Suppose -5*r + b = 16. List the prime factors of r.
13
Let q(z) be the first derivative of -z**3/3 + 2*z**2 - 2*z - 1. Let v be q(2). What are the prime factors of 0 + v + -3 - -13?
2, 3
List the prime factors of (-80)/(-56)*(-357)/(-6).
5, 17
Suppose 5*o + 5*k - 3590 = 0, 5*o + 3*k = -941 + 4527. List the prime factors of o.
2, 179
Let l be (-14)/77 - (-1932)/(-22). Let i = -23 - l. Let p = 94 - i. What are the prime factors of p?
29
Suppose 4 = -0*w + w. Let o = w + 3. Suppose 2*z - o*z = 3*m - 71, -4*z + 16 = 0. What are the prime factors of m?
17
What are the prime factors of 43116/21 + (-12 - 166/(-14))?
2053
Let o(w) = w**2 - 10*w + 503. What are the prime factors of o(-42)?
2687
Let h be 2*-2*(-12)/16. Suppose 3*f - 3*j - 36 - 315 = 0, 0 = -h*f - 2*j + 366. What are the prime factors of f?
2, 3, 5
Let h(u) = 25*u**2 + 2*u - 3. Suppose b + 5*b = 12. What are the prime factors of h(b)?
101
Let r = 10 - 8. Suppose -p = 4*p + 25, -r*j + 3*p = -197. What are the prime factors of j?
7, 13
Let m(g) = -g**3 + 18*g**2 + 31*g - 55. What are the prime factors of m(17)?
761
Suppose 0 = -3*f - 26 + 41, 5*j + 5*f - 4105 = 0. List the prime factors of j.
2, 3, 17
Let b be ((-4)/3)/(34/51). Let p = 37 + b. Suppose 8*f - p = 3*f. What are the prime factors of f?
7
Let v(f) = f**2 + 8*f + 3072. What are the prime factors of v(0)?
2, 3
Suppose 432*v = 438*v - 816. List the prime factors of v.
2, 17
Suppose -3*u - 3*k + 6 = 0, 3 + 1 = 2*u + k. Let v be 2 - 4/2 - -24. Suppose u*n - 4*p = 24, 2*p - v = 4*n - 72. What are the prime factors of n?
2, 3
Let l(o) = -o**2 - 9*o - 3. Let f be l(-8). Suppose -p + 5*u = 0, 4*u = f*p + 6 + 36. Let y = p + 16. List the prime factors of y.
2, 3
Let g(l) = 5*l**2 + 2*l + 47. List the prime factors of g(-16).
5, 7, 37
Suppose 0 = -2*s - 0 + 6, -2*s + 130 = y. Suppose 5*x = 20, -5*w = -0*x + x - y. List the prime factors of w.
2, 3
List the prime factors of 6/45 - 133614/(-270).
3, 5, 11
Let l(s) = 2*s**2 + 3*s - 6. Let b be l(8). Suppose 82 + b = 3*v. What are the prime factors of v?
2, 19
Suppose 0 = 5*c - 5*d - 235, -4*c + 7*d + 191 = 2*d. List the prime factors of 87/(4 + c/(-12)) + -2.
7, 37
Let w = -19 - -14. Let v(k) = -k + 17. What are the prime factors of v(w)?
2, 11
List the prime factors of (8/(-3))/((-35)/21945).
2, 11, 19
Suppose 0 = -5*t + 5. Let x be (-2 - t) + 14/2. Suppose x*q - 167 = j, -2*q = -q - 2*j - 40. What are the prime factors of q?
2, 3, 7
Suppose 7*x - 1232 = -0*x. List the prime factors of x.
2, 11
Suppose 480 = u + 4*l - l, -3*l - 978 = -2*u. What are the prime factors of u?
2, 3
Let p = 44 - 41. Suppose 3*d = -3*c + 375, -3*c + 2*c = -p*d - 137. Let n = -56 + c. What are the prime factors of n?
2, 3
Suppose 4*v = -z - 4*z - 45, -3*v + 3*z - 54 = 0. Let r = v + 49. Let s = r + -20. What are the prime factors of s?
2, 7
Suppose 3*v + o + 223 = 0, 3*o - 86 + 451 = -5*v. Let q = -43 - v. List the prime factors of q.
3, 11
Suppose 3*i + i - 220 = 0. Suppose -4*u + 17 = s - 0*u, 4*s - i = -3*u. Suppose 4*f - s - 31 = 0. What are the prime factors of f?
11
Let p(t) = -368*t**2 - 2*t + 1. Let q be p(1). Let v = -233 - q. What are the prime factors of v?
2, 17
Let i(o) = o**3 + 11*o**2 - o - 12. Let t = 46 + -56. What are the prime factors of i(t)?
2, 7
Suppose 5*b = 3*b - 6. Let s be ((-3)/2)/(b/(-8)). Let k(v) = v**2 + 3*v + 2. What are the prime factors of k(s)?
2, 3
Let i(o) = -5 + 3 + o**2 + o**2 + 1. Suppose -15 = -s + 6*s. What are the prime factors of i(s)?
17
Let i(z) = -38*z + 148. What are the prime factors of i(-9)?
2, 5, 7
Let l(v) = 6*v - 68. Let b be l(12). Let y = 2 + -1. Suppose y = -b*t + 53. List the prime factors of t.
13
Let v = -301 - -591. What are the prime factors of v?
2, 5, 29
Suppose 0 = 9*n + 13*n - 1078. List the prime factors of n.
7
Let t(c) = -17*c - 8. Let w(x) = -x**3 + 10*x**2 + 9*x + 14. Let l be w(11). Let d be t(l). Suppose -5*f - 33 = -d. What are the prime factors of f?
19
Let w = 433 - 242. Suppose -2*j - t + w = 2*t, 2*j - 2*t = 196. Let p = j + -40. What are the prime factors of p?
3, 19
Let q(h) = 5*h**2 - 1. Let i be q(1). Suppose m - 40 = 5*r - 0*r, -2*m + 86 = -i*r. List the prime factors of m.
3, 5
Let y(u) = -u**2 + 15*u - 22. Let q be y(13). Suppose 3*k = -q*l - 0*k + 1037, -5*l + 5*k + 1270 = 0. What are the prime factors of l?
257
Suppose 3*z - 3*h = -24, 5 - 29 = 5*z + 3*h. List the prime factors of z/18*216/(-4).
2, 3
Suppose 3*a + 1731 + 789 = 5*r, -2*r - 3*a + 987 = 0. What are the prime factors of r?
3, 167
Let y = 461 - 214. Suppose -i = 5*t - y, 2*t - 4*i - 102 = -6*i. What are the prime factors of t?
7
Suppose 285 = -313*h + 314*h. List the prime factors of h.
3, 5, 19
Let s = 17 - 36. Suppose 3*j - 51 = 2*j. Let r = s + j. List the prime factors of r.
2
Let r = -1 + 2. Let p be 2 - 2 - (-2 + r). What are the prime factors of 11/p - (0 - -1)?
2, 5
Let i = 56 + -56. Suppose -545 = -3*j - 5*q, i = 5*j + 5*q - 491 - 404. List the prime factors of j.
5, 7
Let c(g) = g**3 + 12*g**2 - 91*g - 17. What are the prime factors of c(-17)?
5, 17
Suppose 5*x + 0*d = 2*d + 173, -4*d = x - 39. Let o = x + -21. List the prime factors of o.
2, 7
What are the prime factors of (-36920)/(-160) - 2/(16/(-2))?
3, 7, 11
Let d be 2/4*2 + 4. Let l = -9 - d. List the prime factors of (l/8)/((-1)/8).
2, 7
Let k(r) = -r**2 - 54*r + 291. What are the prime factors of k(-36)?
3, 313
Let l = -1 - -4. Suppose 0 = 3*s - l*o - o - 12, 0 = 3*o. Let v = s + 32. What are the prime factors of v?
2, 3
Suppose 5*b = r + 23419, 0 = -b - 5*r + 6*r + 4683. What are the prime factors of b?
2, 1171
Let b = -39 - -76. Let k = -35 + b. What are the prime factors of k?
2
Suppose 4*l - 10 = -5*b, 4*l = -6*b + 2*b + 8. Suppose 0 = -2*a - l*a + 6. List the prime factors of (-6)/a*10*-1.
2, 5
Suppose -2 - 2 = t, -1792 = -2*h + 5*t. What are the prime factors of h?
2, 443
Suppose -1859 - 4225 = -13*p. What are the prime factors of p?
2, 3, 13
Suppose 2*j = 4*j + 4. Let n(k) = k**2 + 2*k + 2. Let w be n(j). Suppose y + 4 - w = 0, 4*i = -y + 130. What are the prime factors of i?
3, 11
Let m = -38 - -45. Let v(h) = -2 - h - h**2 + 10*h - 2. List the prime factors of v(m).
2, 5
Let u = 1 - -19. Suppose 4 = 3*y - 3*p - 56, 3*p = -2*y + u. Let q = y - -2. What are the prime factors of q?
2, 3
Let u(x) = x - 17. Let y be u(-8). Let s be ((-1330)/y)/((-4)/(-10)). Suppose -2*w = -s + 17. What are the prime factors of w?
2, 29
Let p be 2/8 - (-1978)/(-8). Let b = -101 - p. What are the prime factors of b?
2, 73
Let f(w) be the first derivative of -w**4/4 - w**3/2 - w**2 + 1. Let s(x) be the second derivative of f(x). What are the prime factors of s(-2)?
3
Suppose -9 = -3*x - 0*x. Let n(w) = 15 + w**x - 2*w**3 + 0*w**3 + 5. What are the prime factors of n(0)?
2, 5
Suppose -10*d + 9*d - 2*f + 46 = 0, -3*d + 4*f = -178. List the prime factors of d.
2, 3
Let n be (8/4 + -3)*-16. Suppose -4*u + n = -0*u. Suppose 0 = -u*r + 9*r - 15. What are the prime factors of r?
3
Let f = -184 + 630. List the prime factors of f.
2, 223
Suppose 0 = 3*d + 2*i + 11, 2*d + 2*d + 5*i + 3 = 0. Let x be (-5)/(5/d) + -3. Suppose -l = -x - 14. What are the prime factors of l?
2, 3
Suppose -4*l - 5*a + 3224 = -3*a, -5*l + 4041 = -3*a. List the prime factors of l.
3, 269
Let i = 4 + -11. Let k be (6 - i)*10/2. List the prime factors of 2/((-5)/(k/(-2))).
1